1*u**2 - 306*u - 93. Calculate c(-8).
-269
Let d(m) = -5*m**3 + m**2 + 4*m - 3. What is d(0)?
-3
Let h(o) = 44*o + 2821. Determine h(-69).
-215
Let b(m) = -m**2 + 19*m + 2052. What is b(-37)?
-20
Let y(s) = s**2 - 75*s + 697. What is y(11)?
-7
Let u(z) = -z**3 + 16*z**2 + 9*z + 59. Calculate u(17).
-77
Let v(w) = 145*w - 8405. Determine v(58).
5
Let q(h) = -157*h - 5647. Give q(-36).
5
Let h(g) = -6*g**2 + 128*g + 251. Give h(-2).
-29
Let l(s) = -31*s**2 - 27*s - 4. Calculate l(-2).
-74
Let w(y) = -y**2 + 54*y - 304. Determine w(48).
-16
Let l(i) = -2*i**3 + 7*i**2 + 3*i - 14. What is l(6)?
-176
Let l(c) = -2*c**2 + 264*c - 2053. Determine l(8).
-69
Let r(m) = -m**3 + 2*m**2 + 219*m - 65. Calculate r(-14).
5
Let o(h) = -2*h**3 + 8*h**2 + 15*h - 43. Give o(5).
-18
Let o(f) = -1628*f + 8136. Calculate o(5).
-4
Let o(n) = n**3 - 48*n**2 - 1272*n - 109. Give o(67).
-42
Let t(g) = 38*g**2 - 85*g - 372. Give t(-4).
576
Let t(i) = -i**3 - 12*i**2 - 7*i + 5. Give t(-12).
89
Let o(h) = -43*h**2 - 219*h - 9. What is o(-5)?
11
Let v(f) = -2*f**3 + 8*f**2 - f - 17. Calculate v(6).
-167
Let m(y) = y**3 + 35*y**2 - 159*y - 101. Give m(-39).
16
Let c(p) = -132*p + 1637. Calculate c(13).
-79
Let n(y) = -y + 431. Determine n(0).
431
Let v(q) = -253*q - 247. Calculate v(-1).
6
Let o(h) = -5*h**2 - 38*h - 17. What is o(-9)?
-80
Let o(d) = 2*d**2 + 25*d - 354. Determine o(10).
96
Let z(v) = -v**3 - 14*v**2 + 24*v - 461. Calculate z(-17).
-2
Let o(x) = -2*x**2 - 95*x - 225. Give o(-45).
0
Let j(w) = -w**3 - 32*w**2 + 19*w + 139. Give j(-33).
601
Let m(y) = y**2 + 7*y - 256. Calculate m(13).
4
Let d(l) = 93*l**2 - 2035*l - 241. What is d(22)?
1
Let k(x) = 38*x**3 + 8*x**2 - 18*x. What is k(3)?
1044
Let l(z) = 11*z**2 + 7*z - 51. What is l(5)?
259
Let v(r) = r**2 - 614*r - 4988. What is v(-8)?
-12
Let c(o) = -6*o**2 - 16*o - 98. Determine c(-7).
-280
Let n(g) = -g**3 + 8*g**2 - 2*g. Calculate n(5).
65
Let n(p) = p**2 - 68*p + 831. Give n(48).
-129
Let c(f) = f**3 - 9*f**2 - 167*f + 40. Calculate c(-9).
85
Let n(q) = -2385*q - 50092. Determine n(-21).
-7
Let f(c) = -c**3 - 94*c**2 + c + 130. Determine f(-94).
36
Let c(w) = 2*w**3 - 4*w**2 + 23*w + 56. What is c(-2)?
-22
Let d(h) = 367*h**2 - 49*h + 2. Determine d(-1).
418
Let a(g) = -3*g**3 + 8*g**2 + 5*g - 10. What is a(4)?
-54
Let a(l) = 956*l + 9588. Determine a(-10).
28
Let y(c) = 15*c**3 - 4*c - 11. Calculate y(-2).
-123
Let g(a) = -5*a**2 - 183*a - 509. Give g(-3).
-5
Let b(g) = g**3 + 6*g**2 + 9*g - 4. What is b(-2)?
-6
Let b(k) = -242*k + 544. Calculate b(0).
544
Let j(x) = -2*x**2 + 51*x + 250. What is j(28)?
110
Let f(w) = w**3 - 2628*w**2 + 31393*w + 10. Calculate f(12).
22
Let d(n) = n**2 + 48*n + 596. Give d(-22).
24
Let t(r) = -66*r + 21. Calculate t(-3).
219
Let j(m) = 3*m**2 - 60*m - 35. Give j(18).
-143
Let m(w) = w**2 - 1048*w + 1. Calculate m(0).
1
Let o(f) = f**3 + 15*f**2 - 305*f - 199. Determine o(12).
29
Let n(k) = k**3 - 11*k**2 + 32*k - 40. Determine n(7).
-12
Let k(a) = 3*a - 100. Give k(14).
-58
Let z(o) = -o**3 + 15*o**2 + 244*o - 3352. What is z(12)?
8
Let m(z) = -30*z + 456. What is m(17)?
-54
Let a(m) = m**2 - 15*m - 113. Give a(18).
-59
Let z(y) = 58*y**2 + 14*y - 32. Give z(2).
228
Let x(h) = 1955*h - 3913. Give x(2).
-3
Let c(q) = -849*q + 3379. Give c(4).
-17
Let y(w) = -502*w - 2479. Calculate y(-5).
31
Let d(h) = 5*h**2 - 41*h - 409. Calculate d(14).
-3
Let g(d) = 240*d + 7205. Give g(-30).
5
Let q(y) = -65*y**2 + 2338*y + 83. Determine q(36).
11
Let x(y) = -y**3 + 17*y**2 + 40*y - 1165. Give x(14).
-17
Let n(c) = -c**3 + 10*c**2 + 19*c + 7. Determine n(9).
259
Let x(k) = k**2 + 25*k + 131. Determine x(-20).
31
Let p(y) = -160*y - 739. Determine p(-4).
-99
Let r(q) = q**3 + 13*q**2 - 10*q + 25. Determine r(-12).
289
Let a(t) = 49*t**2 + 23*t + 23. Give a(-1).
49
Let o(b) = -b**3 + b**2 - 3*b + 529. Determine o(0).
529
Let r(f) = 6*f + 682. What is r(-31)?
496
Let k(y) = -y**3 - 12*y**2 + 34*y + 31. Determine k(-14).
-53
Let g(o) = 3*o**2 + 3*o + 192. Determine g(0).
192
Let k(o) = -8284*o + 41427. What is k(5)?
7
Let u(k) = -978*k - 6863. Determine u(-7).
-17
Let x(a) = -2*a**3 - 17*a**2 + 25*a + 111. Give x(-9).
-33
Let c(b) = -3*b**2 - 30*b - 89. Calculate c(-7).
-26
Let p(b) = -156*b - 7344. Calculate p(-47).
-12
Let o(s) = 380*s + 2281. Give o(-6).
1
Let x(m) = -m**3 + 10*m**2 + 3*m + 63. Give x(11).
-25
Let y(w) = w**3 + 13*w**2 + 39*w - 8. What is y(-8)?
0
Let r(s) = -s**3 - 13*s**2 - 12*s + 38. What is r(-11)?
-72
Let m(b) = 42*b - 514. Calculate m(18).
242
Let u(q) = 2103*q - 12729. Give u(6).
-111
Let x(s) = -s**3 - 8*s**2 - 125*s - 2472. Give x(-13).
-2
Let o(a) = a**3 - 11*a**2 - 6*a + 79. Give o(11).
13
Let t(z) = z**3 - 13*z**2 + 38*z - 175. What is t(11)?
1
Let q(w) = -8*w**2 + 37*w + 48. Give q(5).
33
Let z(n) = -2058*n**2 + 10288*n + 4. What is z(5)?
-6
Let q(l) = 312*l - 2493. Calculate q(8).
3
Let q(v) = -v**2 - 36*v - 209. What is q(-7)?
-6
Let h(n) = 87*n + 640. What is h(-8)?
-56
Let h(c) = 2*c**3 - 22*c**2 + 109*c - 367. What is h(7)?
4
Let l(r) = -r**3 + 4*r**2 + 11*r - 19. Calculate l(5).
11
Let r(b) = -b**2 + 18*b - 69. What is r(13)?
-4
Let d(n) = n**3 + 21*n**2 - 82*n - 825. Give d(-23).
3
Let v(p) = 2*p**2 + 17*p + 44. Give v(-11).
99
Let x(u) = 1874*u + 43109. Give x(-23).
7
Let u(g) = 46*g + 142. What is u(-6)?
-134
Let h(i) = i**2 + 56*i - 53. Determine h(-45).
-548
Let l(g) = 7*g - 71. Determine l(17).
48
Let i(y) = -425*y - 2952. What is i(-7)?
23
Let v(l) = -l**2 - 7*l + 57. Determine v(-10).
27
Let c(r) = r**2 + 52*r + 532. Calculate c(-14).
0
Let y(l) = -8*l - 377. Determine y(-44).
-25
Let d(h) = h**3 + 147*h**2 - 2611*h + 47. Calculate d(16).
-1
Let q(r) = -r**3 - 56*r**2 - 139*r + 757. Calculate q(-53).
-303
Let j(c) = 34*c + 146. Determine j(-4).
10
Let r(c) = -2*c**2 - 106*c - 293. What is r(-50)?
7
Let c(s) = 2*s + 65. Calculate c(-22).
21
Let j(r) = r**3 - 154*r**2 - 645*r + 2046. What is j(158)?
-8
Let s(h) = h**3 - 271*h**2 + 381*h - 29979. Give s(270).
-9
Let g(l) = l**3 + 3*l**2 - 68*l + 82. Give g(6).
-2
Let q(n) = n**3 - 49*n**2 + 334*n - 1690. Give q(42).
-10
Let m(n) = 4*n**2 - 728*n + 739. Calculate m(181).
15
Let w(q) = -51*q - 87. What is w(-5)?
168
Let x(a) = 1631*a + 195724. What is x(-120)?
4
Let p(k) = 15*k**2 + 37*k - 37. Calculate p(1).
15
Let m(y) = y**3 + y**2 - 28*y - 99. Calculate m(-4).
-35
Let x(a) = -a**2 + 788*a + 3160. Calculate x(-4).
-8
Let w(t) = 2*t**3 - 5*t**2 + 86*t - 386. Calculate w(5).
169
Let v(g) = g**3 + 68*g**2 - 76*g - 487. Determine v(-69).
-4
Let p(s) = 2*s**2 + 31*s - 56. Give p(-16).
-40
Let a(w) = w**2 - 26*w - 34. Determine a(9).
-187
Let l(g) = 7*g**2 - 42*g + 6. What is l(6)?
6
Let r(b) = -2*b**3 + 19*b**2 - 91*b + 555. Calculate r(8).
19
Let b(a) = a**3 - 8*a**2 - 45*a + 366. Determine b(10).
116
Let s(v) = 207*v - 5790. Give s(28).
6
Let a(q) = -q**3 + 19*q**2 + 12*q + 32. Determine a(20).
-128
Let m(k) = 2*k**2 + 2*k - 64. Determine m(-4).
-40
Let q(v) = -1698*v - 5261. What is q(-3)?
-167
Let b(a) = -2*a**2 - 48*a - 2. Give b(-4).
158
Let t(j) = -89*j**2 + 450*j - 3. Determine t(5).
22
Let m(j) = j**3 + 43*j**2 + 64*j - 71. Calculate m(-41).
667
Let b(f) = 3*f**3 + 3*f**2 + 53. Give b(0).
53
Let u(i) = -2*i**3 - 49*i**2 + 77*i - 6. Give u(-26).
20
Let y(l) = -7*l**2 + 2*l - 1. What is y(-1)?
-10
Let i(w) = 2*w**2 + 92*w + 276. Calculate i(-43).
18
Let k(h) = -51*h - 735. What is k(-16)?
81
Let v(i) = -i**3 + 4*i**2 + 62*i - 505. Give v(-9).
-10
Let v(h) = h**3 - 183*h**2 + 30*h - 5488. What is v(183)?
2
Let g(f) = f**3 - 86*f**2 + 11*f - 929. Calculate g(86).
17
Let t(l) = -3*l**3 - 99*l**2 - 4*l - 126. What is t(-33)?
6
Let a(s) = -s**3 + 8*s**2 - 9*s + 11. What is a(5)?
41
Let j(l) = -61*l + 3094. Calculate j(45).
349
Let s(r) = -22*r**2 - 170*r - 3. Determine s(-9).
-255
Let i(b) = b**2 + 3*b - 9328. Determine i(95).
-18
Let f(d) = -218*d + 218. What is f(1)?
0
Let m(s) = 47*s**2 + 659*s + 2. What is m(-14)?
-12
Let s(j) = -j**3 + 24*j**2 - 98*j + 668. Determine s(21).
-67
Let m(h) = -h**3 - 12*h**2 + 570*h + 898. Determine m(-30).
-2
Let t(i) = -i**3 - 5*i**2 - 10*i + 14. Determine t(-3).
26
Let h(k) = 2*k**3 + 67*k**2 - 40*k - 167. Determine h(-34).
37
Let p(x) = x**3 - 29*x**2